s w(21)?
45
Let c(t) = -t**3 + 18*t**2 + 83*t - 328. Give c(20).
532
Let n(k) = -81841*k + 14240328. Give n(174).
-6
Let r(m) = m**2 + 882*m + 184875. Determine r(-343).
-2
Let f(p) = -67*p**2 + 215*p + 43757. Determine f(-24).
5
Let c(u) = 2476*u - 24919. What is c(10)?
-159
Let u(c) = 11*c**2 - 7709*c + 68448. Give u(9).
-42
Let i(u) = -13953*u - 13696. Determine i(-1).
257
Let j(o) = -26*o**3 - 1147*o**2 + 658*o + 34753. Determine j(-44).
-7
Let d(r) = -73269*r + 8572458. What is d(117)?
-15
Let h(f) = 53*f**2 - 286*f - 174. Give h(6).
18
Let h(j) = j**2 - 106*j + 34. What is h(0)?
34
Let t(p) = -3*p**3 + 7*p**2 - 242*p + 802. Give t(4).
-246
Let x(n) = -n**2 + 167*n + 7237. Determine x(-36).
-71
Let w(m) = 14*m**2 + 728*m + 7138. Calculate w(-10).
1258
Let p(a) = -a**3 + 187*a - 55. Determine p(0).
-55
Let g(q) = 370476*q - 3334294. Calculate g(9).
-10
Let d(b) = 9*b**3 - 377*b**2 - 48*b - 32. Determine d(42).
-284
Let s(m) = -11*m**2 - 17824*m + 35659. Determine s(2).
-33
Let o(n) = -6731*n + 417254. Give o(62).
-68
Let v(h) = -22*h**3 + 421*h**2 - 24*h - 360. Determine v(19).
267
Let r(s) = -s**2 + 169*s + 757. What is r(174)?
-113
Let n(z) = 796*z - 218871. Determine n(275).
29
Let p(l) = -5*l**3 - 120*l**2 - 570*l + 14. Determine p(-6).
194
Let a(i) = -137706*i - 2203330. Give a(-16).
-34
Let o(k) = -k**3 + 127*k**2 + 3298*k + 442. Determine o(-22).
2
Let t(r) = -2*r**2 + 7296*r + 65822. Calculate t(-9).
-4
Let w(v) = -622*v + 10699. Give w(18).
-497
Let y(v) = 17*v**2 + 3833*v + 72997. What is y(-21)?
1
Let c(t) = t**3 - 271*t**2 - 571*t + 6673. Determine c(273).
-152
Let h(x) = x**3 - 131*x**2 + 3814*x - 419890. Give h(127).
-28
Let n(i) = 3*i**3 + 1839*i**2 - 9265*i + 3054. What is n(-618)?
-36
Let s(m) = -3*m**2 + 274*m + 882. Calculate s(90).
1242
Let x(l) = -4*l**2 - 7822*l + 23505. Calculate x(3).
3
Let s(x) = 4967*x - 273193. Calculate s(55).
-8
Let a(n) = 268*n**2 - 260*n + 516. Calculate a(2).
1068
Let a(s) = 327*s - 3142. What is a(9)?
-199
Let y(h) = -4*h**3 + 40*h**2 + 7*h - 143. Give y(6).
475
Let o(v) = -3*v**3 + 10*v**2 + 92*v - 91. Calculate o(9).
-640
Let a(d) = -4*d**2 - 1152*d - 30968. What is a(-258)?
-8
Let r(x) = -21*x**2 + 5886*x - 1792. What is r(280)?
-112
Let b(y) = 77*y - 335. Determine b(-4).
-643
Let q(n) = 222283*n + 2889766. Give q(-13).
87
Let y(g) = -187281*g + 1685546. Calculate y(9).
17
Let n(y) = -13*y**2 + 54*y + 1552. Calculate n(-9).
13
Let z(v) = 381*v - 6856. Calculate z(17).
-379
Let g(x) = -11*x**2 + 891*x + 757. Give g(82).
-145
Let b(a) = a**3 + 65*a**2 + 674*a - 215. Determine b(-52).
-111
Let f(n) = 472*n - 80217. Calculate f(171).
495
Let k(v) = 2*v**2 + 379628*v + 2657298. What is k(-7)?
0
Let c(s) = 3*s**2 - 33455*s - 7192566. Determine c(-211).
2
Let a(g) = -g**3 - 204*g**2 + 948*g + 523. Calculate a(5).
38
Let f(c) = -278*c**2 - 77840*c - 9. What is f(-280)?
-9
Let p(x) = -8*x**3 - 129*x**2 - 134*x - 7270. Give p(-18).
2
Let p(x) = 5*x**3 + 137*x**2 - 261*x - 571. Determine p(-29).
270
Let r(j) = -10*j**3 + 51*j**2 + 2794*j - 13997. Give r(5).
-2
Let z(q) = 7075*q + 69917. What is z(-10)?
-833
Let n(o) = 151651*o - 18501455. What is n(122)?
-33
Let r(y) = -5*y**3 - 2765*y**2 - 202710*y - 21. What is r(-87)?
-21
Let f(p) = p**2 - 426*p + 30253. Calculate f(336).
13
Let r(k) = 3*k**2 - 35526*k - 106600. Calculate r(-3).
5
Let k(p) = -2*p**2 - 186*p - 1661. Give k(-82).
143
Let b(m) = 808*m**2 - 509020*m - 12603. Determine b(630).
-3
Let z(h) = 43*h**2 - 496*h + 1370. What is z(3)?
269
Let r(y) = -13*y**3 - 457*y**2 + 880*y + 33230. Calculate r(-35).
-20
Let f(u) = u**3 - 30*u**2 + 249*u - 306. Calculate f(20).
674
Let b(d) = d**3 + 146*d**2 - 450*d - 946. Calculate b(-149).
-499
Let p(t) = 2*t**2 - 512*t + 14329. What is p(31)?
379
Let n(v) = 3*v**3 + 58*v**2 + 21*v + 62. Give n(-19).
24
Let f(j) = 782*j + 18465. Calculate f(-31).
-5777
Let y(t) = -t**3 + 85*t**2 - 1007*t + 612. Determine y(71).
-311
Let d(p) = -594*p + 3595. Calculate d(5).
625
Let c(v) = 701*v + 99970. What is c(-143)?
-273
Let k(c) = 435*c + 154031. Give k(-354).
41
Let w(y) = y**2 - 279*y + 5882. What is w(256)?
-6
Let q(i) = 27*i + 4149. Give q(-111).
1152
Let s(f) = -2*f**2 - 612*f + 5042. Calculate s(8).
18
Let h(q) = 10*q**2 - 125*q - 137. Determine h(-1).
-2
Let f(r) = -r**3 + 32*r**2 + 240*r + 2. Give f(38).
458
Let j(l) = -10561*l + 95058. Give j(9).
9
Let f(g) = g**3 + 18*g**2 - 3*g - 522. Calculate f(0).
-522
Let q(h) = -5*h**3 + 34*h**2 + 487*h - 3418. Determine q(7).
-58
Let y(z) = z**2 - 1639*z + 54558. Determine y(34).
-12
Let a(y) = -y**3 - 51*y**2 - 267*y - 19764. What is a(-53)?
5
Let o(i) = 259880*i + 5717363. What is o(-22)?
3
Let s(q) = -4*q**2 - 1084*q - 73114. Give s(-126).
-34
Let g(f) = 6562*f + 39337. What is g(-6)?
-35
Let a(w) = -13*w**2 + 154*w + 3698. Calculate a(24).
-94
Let c(z) = -z**3 + 27*z**2 - 56*z + 334. What is c(24)?
718
Let q(w) = 2*w**2 - 40*w - 5864. Give q(-45).
-14
Let m(r) = 2*r**3 - 11*r**2 + 17*r + 48. Give m(3).
54
Let v(s) = -s**2 + 1118*s + 71937. What is v(-61)?
18
Let j(a) = a**3 + 16*a**2 - 298*a - 1176. Give j(-25).
649
Let t(m) = 1703*m - 117757. Give t(69).
-250
Let y(n) = 416*n - 497. What is y(1)?
-81
Let h(v) = -19308*v - 366578. Give h(-19).
274
Let b(p) = -1096*p + 14016. Determine b(16).
-3520
Let y(w) = 8*w**2 + 615*w - 141. Determine y(-79).
1202
Let h(m) = -9364*m - 6948095. Determine h(-742).
-7
Let o(l) = 4*l**2 - 8569*l + 1341125. What is o(170)?
-5
Let y(q) = q**3 + 36*q**2 - 492*q - 18461. Calculate y(-35).
-16
Let z(u) = u**2 + 162*u - 2472. Determine z(14).
-8
Let y(z) = 10*z**2 - 16*z - 76. Calculate y(11).
958
Let m(b) = -27*b**2 - 335*b + 1018. What is m(3)?
-230
Let v(l) = -5652*l - 50793. Calculate v(-9).
75
Let n(p) = 2*p**3 - 19*p**2 - 144*p + 274. Calculate n(-6).
22
Let q(g) = -27*g**2 - 1506*g - 17680. What is q(-39)?
-13
Let j(i) = 246*i + 23439. What is j(-80)?
3759
Let r(m) = m**2 - 347. Determine r(-22).
137
Let p(l) = -l**3 - 14*l**2 + 1481*l + 13. Determine p(-46).
-401
Let o(m) = m**3 + 117*m**2 + 879*m + 31. Give o(-8).
-25
Let v(a) = 5632*a + 78981. Determine v(-14).
133
Let y(p) = -15*p**2 - 2001*p + 542. Give y(-136).
-4762
Let b(u) = -49*u**2 - 24*u + 321. Determine b(-5).
-784
Let t(q) = 146*q**3 + 866*q**2 - 537*q - 2859. Give t(-6).
3
Let m(w) = -12*w**2 - 85*w + 310. Calculate m(-17).
-1713
Let v(k) = 7*k**2 - 1445*k + 12450. What is v(9)?
12
Let r(x) = 20*x**2 - 1538*x + 10868. Calculate r(7).
1082
Let t(s) = 2*s**2 + 2643*s - 374238. Give t(129).
-9
Let b(s) = 3279*s - 2101837. Give b(641).
2
Let c(x) = 15*x**3 - 21*x**2 - 570*x + 20. Calculate c(-6).
-556
Let m(w) = 2*w**3 - 45*w**2 + 10*w - 283. Determine m(22).
-547
Let w(x) = -351*x + 11025. Give w(31).
144
Let f(t) = 1035909*t + 3107752. What is f(-3)?
25
Let v(b) = -b**2 - 315*b - 3314. Give v(-11).
30
Let a(b) = 239*b + 15152. What is a(-51)?
2963
Let w(n) = -5*n**2 - 1729*n - 76376. Determine w(-52).
12
Let o(u) = -315*u**2 - 1566*u - 130. Give o(-5).
-175
Let c(m) = -8*m**2 - 420*m + 2807. Calculate c(-58).
255
Let h(b) = -32*b**2 + 10101*b + 3555. Calculate h(316).
79
Let u(d) = 9*d**3 - 87*d**2 + 93*d - 974. Give u(10).
256
Let b(w) = -485*w**3 + 3*w**2 - 5. Calculate b(-1).
483
Let y(b) = -9*b**2 - 129*b - 32. What is y(5)?
-902
Let g(m) = -m**2 - 3*m + 441. Determine g(-17).
203
Let j(m) = 94161*m + 659110. Calculate j(-7).
-17
Let r(z) = 5986*z + 7069465. What is r(-1181)?
-1
Let a(b) = b**3 - 87*b**2 - 210*b + 18278. Give a(87).
8
Let f(i) = -5698*i - 347528. Determine f(-61).
50
Let a(t) = -t**3 - 89*t**2 + 643*t + 2145. Give a(9).
-6
Let l(z) = 359*z - 2816. Determine l(9).
415
Let z(p) = 3*p**3 + 51*p**2 + 108*p - 371. Give z(-5).
-11
Let i(a) = -647*a + 66845. Determine i(104).
-443
Let c(b) = 905*b + 129394. Calculate c(-143).
-21
Let h(f) = 7*f**3 - 753*f**2 + 12996*f - 862. Calculate h(86).
-2
Let j(w) = -w**3 + 52*w**2 - 207*w - 1030. Determine j(47).
286
Let o(m) = -7*m - 665. Determine o(-14).
-567
Let y(v) = v**2 + 16791*v - 83984. Determine y(5).
-4
Let t(y) = -2*y**3 - 1140*y**2 - 162357*y - 1386. Give t(-278).
4
Let l(n) = 114*n**2 - 66*n + 211. What is l(3)?
1039
Let s(b) = -55*b + 763. Calculate s(21).
-392
Let q(c) = -264351*c + 52